{"id":2,"date":"2025-11-09T13:03:18","date_gmt":"2025-11-09T13:03:18","guid":{"rendered":"https:\/\/lesbourguignons.info\/?page_id=2"},"modified":"2025-11-12T05:19:26","modified_gmt":"2025-11-12T05:19:26","slug":"sample-page","status":"publish","type":"page","link":"https:\/\/lesbourguignons.info\/","title":{"rendered":"Home"},"content":{"rendered":"\n<div class=\"wp-block-cover alignfull is-light hestia-clear-top-padding  animated appear duration2 eds-on-scroll\" style=\"min-height:510px;aspect-ratio:unset;\"><span aria-hidden=\"true\" class=\"wp-block-cover__background has-white-background-color has-background-dim-100 has-background-dim\"><\/span><div class=\"wp-block-cover__inner-container is-layout-flow wp-block-cover-is-layout-flow\">\n<h2 class=\"wp-block-heading has-text-align-center has-text-color\" style=\"color:#3c4858\">Notre projet communautaire<\/h2>\n\n\n\n<p class=\"has-text-align-center\">La Communaut\u00e9 des Bourguignons se forme en r\u00e9ponse \u00e0 la crise civilisationnelle de l\u2019Europe, avec pour objectif d&#8217;assurer la continuit\u00e9 historique des peuples europ\u00e9ens sur un plan anthropologique et spirituel. Ni un parti politique ni un mouvement, nous avons pour vocation de d\u00e9velopper une \u00e9cole de cadres en Belgique francophone. Cercles de lecture, randonn\u00e9es et c\u00e9l\u00e9brations des solstices et \u00e9quinoxes rythment la vie de notre Communaut\u00e9 au son du Triptyque de Dominique Venner : <em>la Nature comme socle, l&#8217;Excellence comme but, la Beaut\u00e9 comme horizon<\/em>.<\/p>\n\n\n\n<p class=\"has-text-align-center\">Pour nous rejoindre dans cette aventure, contactez-nous directement <a href=\"mailto:LesBourguignonsBelgique@protonmail.com\">par email<\/a> : LesBourguignonsBelgique@protonmail.com<\/p>\n<\/div><\/div>\n\n\n\n<div style=\"height:40px\" aria-hidden=\"true\" class=\"wp-block-spacer\"><\/div>\n\n\n\n<div class=\"wp-block-media-text is-stacked-on-mobile  animated bounceInLeft duration2 eds-on-scroll\"><figure class=\"wp-block-media-text__media\"><img loading=\"lazy\" decoding=\"async\" width=\"1024\" height=\"682\" src=\"https:\/\/lesbourguignons.info\/wp-content\/uploads\/2025\/11\/photo_2024-12-22_18-23-41-1024x682.jpg\" alt=\"\" class=\"wp-image-156 size-full\" srcset=\"https:\/\/lesbourguignons.info\/wp-content\/uploads\/2025\/11\/photo_2024-12-22_18-23-41-1024x682.jpg 1024w, https:\/\/lesbourguignons.info\/wp-content\/uploads\/2025\/11\/photo_2024-12-22_18-23-41-300x200.jpg 300w, https:\/\/lesbourguignons.info\/wp-content\/uploads\/2025\/11\/photo_2024-12-22_18-23-41-768x512.jpg 768w, https:\/\/lesbourguignons.info\/wp-content\/uploads\/2025\/11\/photo_2024-12-22_18-23-41-360x240.jpg 360w, https:\/\/lesbourguignons.info\/wp-content\/uploads\/2025\/11\/photo_2024-12-22_18-23-41-24x16.jpg 24w, https:\/\/lesbourguignons.info\/wp-content\/uploads\/2025\/11\/photo_2024-12-22_18-23-41-36x24.jpg 36w, https:\/\/lesbourguignons.info\/wp-content\/uploads\/2025\/11\/photo_2024-12-22_18-23-41-48x32.jpg 48w, https:\/\/lesbourguignons.info\/wp-content\/uploads\/2025\/11\/photo_2024-12-22_18-23-41.jpg 1280w\" sizes=\"auto, (max-width: 1024px) 100vw, 1024px\" \/><\/figure><div class=\"wp-block-media-text__content\">\n<p class=\"has-text-align-center\"><strong>Cinquante ann\u00e9es d\u2019immigration massive ont profond\u00e9ment modifi\u00e9 notre soci\u00e9t\u00e9 jusqu\u2019\u00e0 transformer nos cit\u00e9s en bidonvilles multiethniques. Les Europ\u00e9ens de souche deviennent une minorit\u00e9 sur la terre de leurs anc\u00eatres. La mondialisation produit une soci\u00e9t\u00e9 uniformis\u00e9e, globalis\u00e9e, d\u00e9truisant la richesse des traditions et des identit\u00e9s r\u00e9gionales, refondant la plan\u00e8te en un immense march\u00e9 commun g\u00e9r\u00e9 par des financiers apatrides.<\/strong><\/p>\n<\/div><\/div>\n\n\n\n<div style=\"height:40px\" aria-hidden=\"true\" class=\"wp-block-spacer\"><\/div>\n\n\n\n<div class=\"wp-block-media-text has-media-on-the-right is-stacked-on-mobile  animated bounceInRight duration2 eds-on-scroll\"><div class=\"wp-block-media-text__content\">\n<p class=\"has-text-align-center\"><strong>Le mod\u00e8le capitaliste et individualiste enferme l\u2019homme dans des addictions consum\u00e9ristes. Le sens du sacr\u00e9 et de la communaut\u00e9 sont troqu\u00e9s contre le confort mat\u00e9riel et l\u2019individualisme bourgeois. Loin d&#8217;\u00eatre des alternatives cr\u00e9dibles, les mod\u00e8les socialiste et marxiste creusent la tombe des soci\u00e9t\u00e9s occidentales en promouvant un paradigme mat\u00e9rialiste, coupant l&#8217;homme de toute spiritualit\u00e9.<\/strong><\/p>\n<\/div><figure class=\"wp-block-media-text__media\"><img loading=\"lazy\" decoding=\"async\" width=\"1024\" height=\"576\" src=\"https:\/\/lesbourguignons.info\/wp-content\/uploads\/2025\/11\/Habay-1024x576.jpg\" alt=\"\" class=\"wp-image-19 size-full\" srcset=\"https:\/\/lesbourguignons.info\/wp-content\/uploads\/2025\/11\/Habay-1024x576.jpg 1024w, https:\/\/lesbourguignons.info\/wp-content\/uploads\/2025\/11\/Habay-300x169.jpg 300w, https:\/\/lesbourguignons.info\/wp-content\/uploads\/2025\/11\/Habay-768x432.jpg 768w, https:\/\/lesbourguignons.info\/wp-content\/uploads\/2025\/11\/Habay-1536x864.jpg 1536w, https:\/\/lesbourguignons.info\/wp-content\/uploads\/2025\/11\/Habay.jpg 1920w\" sizes=\"auto, (max-width: 1024px) 100vw, 1024px\" \/><\/figure><\/div>\n\n\n\n<div style=\"height:40px\" aria-hidden=\"true\" class=\"wp-block-spacer\"><\/div>\n\n\n\n<figure class=\"wp-block-embed is-type-video is-provider-youtube wp-block-embed-youtube animated appear duration1 eds-on-scroll wp-embed-aspect-16-9 wp-has-aspect-ratio\"><div class=\"wp-block-embed__wrapper\">\n<iframe loading=\"lazy\" title=\"LA COMMUNAUT\u00c9 DES BOURGUIGNONS\" width=\"750\" height=\"422\" src=\"https:\/\/www.youtube.com\/embed\/ID93FHbOBB8?feature=oembed\" frameborder=\"0\" allow=\"accelerometer; autoplay; clipboard-write; encrypted-media; gyroscope; picture-in-picture; web-share\" referrerpolicy=\"strict-origin-when-cross-origin\" allowfullscreen><\/iframe>\n<\/div><\/figure>\n\n\n\n<div style=\"height:111px\" aria-hidden=\"true\" class=\"wp-block-spacer\"><\/div>\n\n\n\n<div class=\"wp-block-cover alignfull is-light hestia-clear-top-padding  animated appear duration2 eds-on-scroll\" style=\"min-height:50px;aspect-ratio:unset;\"><span aria-hidden=\"true\" class=\"wp-block-cover__background has-black-background-color has-background-dim-100 has-background-dim\"><\/span><div class=\"wp-block-cover__inner-container is-layout-flow wp-block-cover-is-layout-flow\">\n<div class=\"wp-block-media-text alignwide is-stacked-on-mobile animated bounceInLeft duration2 eds-on-scroll has-white-color has-text-color has-link-color wp-elements-42fea57d61594919718300691dd59f24\" style=\"grid-template-columns:40% auto\"><figure class=\"wp-block-media-text__media\"><img loading=\"lazy\" decoding=\"async\" width=\"1024\" height=\"683\" src=\"https:\/\/lesbourguignons.info\/wp-content\/uploads\/2025\/11\/acc012a1-e507-491e-807c-775362c718e4-1024x683.png\" alt=\"\" class=\"wp-image-93 size-full\" srcset=\"https:\/\/lesbourguignons.info\/wp-content\/uploads\/2025\/11\/acc012a1-e507-491e-807c-775362c718e4-1024x683.png 1024w, https:\/\/lesbourguignons.info\/wp-content\/uploads\/2025\/11\/acc012a1-e507-491e-807c-775362c718e4-300x200.png 300w, https:\/\/lesbourguignons.info\/wp-content\/uploads\/2025\/11\/acc012a1-e507-491e-807c-775362c718e4-768x512.png 768w, https:\/\/lesbourguignons.info\/wp-content\/uploads\/2025\/11\/acc012a1-e507-491e-807c-775362c718e4-360x240.png 360w, https:\/\/lesbourguignons.info\/wp-content\/uploads\/2025\/11\/acc012a1-e507-491e-807c-775362c718e4.png 1536w\" sizes=\"auto, (max-width: 1024px) 100vw, 1024px\" \/><\/figure><div class=\"wp-block-media-text__content\">\n<div style=\"height:0px\" aria-hidden=\"true\" class=\"wp-block-spacer\"><\/div>\n\n\n\n<p class=\"has-text-align-center has-white-color has-text-color has-link-color wp-elements-a41bd6021f011e14ea5d7fb5c57ada50\"><strong>Les Bourguignons s&#8217;ancrent dans une d\u00e9marche positive et tourn\u00e9e vers l&#8217;avenir. Notre communaut\u00e9 est compos\u00e9e de jeunes adultes, de parents soucieux de l&#8217;avenir de leurs enfants, d&#8217;anciens que le monde n&#8217;est pas parvenu \u00e0 changer.<\/strong><\/p>\n\n\n\n<p class=\"has-text-align-center has-white-color has-text-color has-link-color wp-elements-3a6ac430e02c2a645d497d30c6365ae9\"><strong>Nous encourageons les n\u00f4tres \u00e0 b\u00e2tir des foyer, \u00e0 prendre soin de leurs familles, \u00e0 cultiver le go\u00fbt de l&#8217;effort et \u00e0 s&#8217;am\u00e9liorer dans tous les aspects de leur existence. Autrement dit : \u00e0 vivre en Europ\u00e9ens de corps et d&#8217;esprit.<\/strong><\/p>\n\n\n\n<blockquote class=\"wp-block-quote has-text-align-center has-white-color has-text-color has-link-color wp-elements-a72234a00f37ae110ae914633d5e7f47 is-layout-flow wp-block-quote-is-layout-flow\">\n<p class=\"has-text-align-center\"><strong><em>Pour nous, la Communaut\u00e9, c&#8217;est le br\u00fblant d\u00e9sir d&#8217;une vie authentique ; c&#8217;est notre lib\u00e9ration spirituelle des mythes fallacieux d&#8217;un monde auquel nous n&#8217;appartenons pas ; c&#8217;est la tension verticale qui s&#8217;oppose \u00e0 la mat\u00e9rialit\u00e9 du futile et du banal ; c&#8217;est la certitude de hi\u00e9rarchies spontan\u00e9es qui ne ne soumettent pas au nivellement \u00e9galitariste ; c&#8217;est la manifestation d&#8217;une solidarit\u00e9 concr\u00e8te l\u00e0 o\u00f9 r\u00e8gne l&#8217;int\u00e9r\u00eat particulier ; c&#8217;est le contact avec la nature et le cosmos ; c&#8217;est chanter ensemble \u00e0 mille voix ou regarder monter les flammes d&#8217;un feu de solstice<\/em><\/strong><\/p>\n<cite>Marco Scatarzi<\/cite><\/blockquote>\n\n\n\n<p class=\"has-text-align-center\"><strong>Pour nous rejoindre dans cette aventure, nous vous invitons \u00e0 prendre contact avec nous via : lesBourguignonsBelgique@protonmail.com<\/strong><\/p>\n<\/div><\/div>\n<\/div><\/div>\n\n\n\n<p><\/p>\n","protected":false},"excerpt":{"rendered":"<p>Cinquante ann\u00e9es d\u2019immigration massive ont profond\u00e9ment modifi\u00e9 notre soci\u00e9t\u00e9 jusqu\u2019\u00e0 transformer nos cit\u00e9s en bidonvilles multiethniques. Les Europ\u00e9ens de souche deviennent une minorit\u00e9 sur la terre de leurs anc\u00eatres. La mondialisation produit une soci\u00e9t\u00e9 uniformis\u00e9e, globalis\u00e9e, d\u00e9truisant la richesse des traditions et des identit\u00e9s r\u00e9gionales, refondant la plan\u00e8te en un [&hellip;]<\/p>\n","protected":false},"author":1,"featured_media":18,"parent":0,"menu_order":0,"comment_status":"closed","ping_status":"open","template":"","meta":{"footnotes":""},"class_list":["post-2","page","type-page","status-publish","has-post-thumbnail","hentry"],"jetpack_sharing_enabled":true,"_links":{"self":[{"href":"https:\/\/lesbourguignons.info\/index.php?rest_route=\/wp\/v2\/pages\/2","targetHints":{"allow":["GET"]}}],"collection":[{"href":"https:\/\/lesbourguignons.info\/index.php?rest_route=\/wp\/v2\/pages"}],"about":[{"href":"https:\/\/lesbourguignons.info\/index.php?rest_route=\/wp\/v2\/types\/page"}],"author":[{"embeddable":true,"href":"https:\/\/lesbourguignons.info\/index.php?rest_route=\/wp\/v2\/users\/1"}],"replies":[{"embeddable":true,"href":"https:\/\/lesbourguignons.info\/index.php?rest_route=%2Fwp%2Fv2%2Fcomments&post=2"}],"version-history":[{"count":5,"href":"https:\/\/lesbourguignons.info\/index.php?rest_route=\/wp\/v2\/pages\/2\/revisions"}],"predecessor-version":[{"id":157,"href":"https:\/\/lesbourguignons.info\/index.php?rest_route=\/wp\/v2\/pages\/2\/revisions\/157"}],"wp:featuredmedia":[{"embeddable":true,"href":"https:\/\/lesbourguignons.info\/index.php?rest_route=\/wp\/v2\/media\/18"}],"wp:attachment":[{"href":"https:\/\/lesbourguignons.info\/index.php?rest_route=%2Fwp%2Fv2%2Fmedia&parent=2"}],"curies":[{"name":"wp","href":"https:\/\/api.w.org\/{rel}","templated":true}]}}

<div class="wp-block-cover alignfull is-light hestia-clear-top-padding  animated appear duration2 eds-on-scroll" style="min-height:510px;aspect-ratio:unset;"><span aria-hidden="true" class="wp-block-cover__background has-white-background-color has-background-dim-100 has-background-dim"></span><div class="wp-block-cover__inner-container is-layout-flow wp-block-cover-is-layout-flow">
<h2 class="wp-block-heading has-text-align-center has-text-color" style="color:#3c4858">Notre projet communautaire</h2>



<p class="has-text-align-center">La Communauté des Bourguignons se forme en réponse à la crise civilisationnelle de l’Europe, avec pour objectif d&#8217;assurer la continuité historique des peuples européens sur un plan anthropologique et spirituel. Ni un parti politique ni un mouvement, nous avons pour vocation de développer une école de cadres en Belgique francophone. Cercles de lecture, randonnées et célébrations des solstices et équinoxes rythment la vie de notre Communauté au son du Triptyque de Dominique Venner : <em>la Nature comme socle, l&#8217;Excellence comme but, la Beauté comme horizon</em>.</p>



<p class="has-text-align-center">Pour nous rejoindre dans cette aventure, contactez-nous directement <a href="mailto:LesBourguignonsBelgique@protonmail.com">par email</a> : LesBourguignonsBelgique@protonmail.com</p>
</div></div>



<div style="height:40px" aria-hidden="true" class="wp-block-spacer"></div>



<div class="wp-block-media-text is-stacked-on-mobile  animated bounceInLeft duration2 eds-on-scroll"><figure class="wp-block-media-text__media"><img loading="lazy" decoding="async" width="1024" height="682" src="https://lesbourguignons.info/wp-content/uploads/2025/11/photo_2024-12-22_18-23-41-1024x682.jpg" alt="" class="wp-image-156 size-full" srcset="https://lesbourguignons.info/wp-content/uploads/2025/11/photo_2024-12-22_18-23-41-1024x682.jpg 1024w, https://lesbourguignons.info/wp-content/uploads/2025/11/photo_2024-12-22_18-23-41-300x200.jpg 300w, https://lesbourguignons.info/wp-content/uploads/2025/11/photo_2024-12-22_18-23-41-768x512.jpg 768w, https://lesbourguignons.info/wp-content/uploads/2025/11/photo_2024-12-22_18-23-41-360x240.jpg 360w, https://lesbourguignons.info/wp-content/uploads/2025/11/photo_2024-12-22_18-23-41-24x16.jpg 24w, https://lesbourguignons.info/wp-content/uploads/2025/11/photo_2024-12-22_18-23-41-36x24.jpg 36w, https://lesbourguignons.info/wp-content/uploads/2025/11/photo_2024-12-22_18-23-41-48x32.jpg 48w, https://lesbourguignons.info/wp-content/uploads/2025/11/photo_2024-12-22_18-23-41.jpg 1280w" sizes="auto, (max-width: 1024px) 100vw, 1024px" /></figure><div class="wp-block-media-text__content">
<p class="has-text-align-center"><strong>Cinquante années d’immigration massive ont profondément modifié notre société jusqu’à transformer nos cités en bidonvilles multiethniques. Les Européens de souche deviennent une minorité sur la terre de leurs ancêtres. La mondialisation produit une société uniformisée, globalisée, détruisant la richesse des traditions et des identités régionales, refondant la planète en un immense marché commun géré par des financiers apatrides.</strong></p>
</div></div>



<div style="height:40px" aria-hidden="true" class="wp-block-spacer"></div>



<div class="wp-block-media-text has-media-on-the-right is-stacked-on-mobile  animated bounceInRight duration2 eds-on-scroll"><div class="wp-block-media-text__content">
<p class="has-text-align-center"><strong>Le modèle capitaliste et individualiste enferme l’homme dans des addictions consuméristes. Le sens du sacré et de la communauté sont troqués contre le confort matériel et l’individualisme bourgeois. Loin d&#8217;être des alternatives crédibles, les modèles socialiste et marxiste creusent la tombe des sociétés occidentales en promouvant un paradigme matérialiste, coupant l&#8217;homme de toute spiritualité.</strong></p>
</div><figure class="wp-block-media-text__media"><img loading="lazy" decoding="async" width="1024" height="576" src="https://lesbourguignons.info/wp-content/uploads/2025/11/Habay-1024x576.jpg" alt="" class="wp-image-19 size-full" srcset="https://lesbourguignons.info/wp-content/uploads/2025/11/Habay-1024x576.jpg 1024w, https://lesbourguignons.info/wp-content/uploads/2025/11/Habay-300x169.jpg 300w, https://lesbourguignons.info/wp-content/uploads/2025/11/Habay-768x432.jpg 768w, https://lesbourguignons.info/wp-content/uploads/2025/11/Habay-1536x864.jpg 1536w, https://lesbourguignons.info/wp-content/uploads/2025/11/Habay.jpg 1920w" sizes="auto, (max-width: 1024px) 100vw, 1024px" /></figure></div>



<div style="height:40px" aria-hidden="true" class="wp-block-spacer"></div>



<figure class="wp-block-embed is-type-video is-provider-youtube wp-block-embed-youtube animated appear duration1 eds-on-scroll wp-embed-aspect-16-9 wp-has-aspect-ratio"><div class="wp-block-embed__wrapper">
<iframe loading="lazy" title="LA COMMUNAUTÉ DES BOURGUIGNONS" width="750" height="422" src="https://www.youtube.com/embed/ID93FHbOBB8?feature=oembed" frameborder="0" allow="accelerometer; autoplay; clipboard-write; encrypted-media; gyroscope; picture-in-picture; web-share" referrerpolicy="strict-origin-when-cross-origin" allowfullscreen></iframe>
</div></figure>



<div style="height:111px" aria-hidden="true" class="wp-block-spacer"></div>



<div class="wp-block-cover alignfull is-light hestia-clear-top-padding  animated appear duration2 eds-on-scroll" style="min-height:50px;aspect-ratio:unset;"><span aria-hidden="true" class="wp-block-cover__background has-black-background-color has-background-dim-100 has-background-dim"></span><div class="wp-block-cover__inner-container is-layout-flow wp-block-cover-is-layout-flow">
<div class="wp-block-media-text alignwide is-stacked-on-mobile animated bounceInLeft duration2 eds-on-scroll has-white-color has-text-color has-link-color wp-elements-42fea57d61594919718300691dd59f24" style="grid-template-columns:40% auto"><figure class="wp-block-media-text__media"><img loading="lazy" decoding="async" width="1024" height="683" src="https://lesbourguignons.info/wp-content/uploads/2025/11/acc012a1-e507-491e-807c-775362c718e4-1024x683.png" alt="" class="wp-image-93 size-full" srcset="https://lesbourguignons.info/wp-content/uploads/2025/11/acc012a1-e507-491e-807c-775362c718e4-1024x683.png 1024w, https://lesbourguignons.info/wp-content/uploads/2025/11/acc012a1-e507-491e-807c-775362c718e4-300x200.png 300w, https://lesbourguignons.info/wp-content/uploads/2025/11/acc012a1-e507-491e-807c-775362c718e4-768x512.png 768w, https://lesbourguignons.info/wp-content/uploads/2025/11/acc012a1-e507-491e-807c-775362c718e4-360x240.png 360w, https://lesbourguignons.info/wp-content/uploads/2025/11/acc012a1-e507-491e-807c-775362c718e4.png 1536w" sizes="auto, (max-width: 1024px) 100vw, 1024px" /></figure><div class="wp-block-media-text__content">
<div style="height:0px" aria-hidden="true" class="wp-block-spacer"></div>



<p class="has-text-align-center has-white-color has-text-color has-link-color wp-elements-a41bd6021f011e14ea5d7fb5c57ada50"><strong>Les Bourguignons s&#8217;ancrent dans une démarche positive et tournée vers l&#8217;avenir. Notre communauté est composée de jeunes adultes, de parents soucieux de l&#8217;avenir de leurs enfants, d&#8217;anciens que le monde n&#8217;est pas parvenu à changer.</strong></p>



<p class="has-text-align-center has-white-color has-text-color has-link-color wp-elements-3a6ac430e02c2a645d497d30c6365ae9"><strong>Nous encourageons les nôtres à bâtir des foyer, à prendre soin de leurs familles, à cultiver le goût de l&#8217;effort et à s&#8217;améliorer dans tous les aspects de leur existence. Autrement dit : à vivre en Européens de corps et d&#8217;esprit.</strong></p>



<blockquote class="wp-block-quote has-text-align-center has-white-color has-text-color has-link-color wp-elements-a72234a00f37ae110ae914633d5e7f47 is-layout-flow wp-block-quote-is-layout-flow">
<p class="has-text-align-center"><strong><em>Pour nous, la Communauté, c&#8217;est le brûlant désir d&#8217;une vie authentique ; c&#8217;est notre libération spirituelle des mythes fallacieux d&#8217;un monde auquel nous n&#8217;appartenons pas ; c&#8217;est la tension verticale qui s&#8217;oppose à la matérialité du futile et du banal ; c&#8217;est la certitude de hiérarchies spontanées qui ne ne soumettent pas au nivellement égalitariste ; c&#8217;est la manifestation d&#8217;une solidarité concrète là où règne l&#8217;intérêt particulier ; c&#8217;est le contact avec la nature et le cosmos ; c&#8217;est chanter ensemble à mille voix ou regarder monter les flammes d&#8217;un feu de solstice</em></strong></p>
<cite>Marco Scatarzi</cite></blockquote>



<p class="has-text-align-center"><strong>Pour nous rejoindre dans cette aventure, nous vous invitons à prendre contact avec nous via : lesBourguignonsBelgique@protonmail.com</strong></p>
</div></div>
</div></div>



<p></p>

<p>Cinquante années d’immigration massive ont profondément modifié notre société jusqu’à transformer nos cités en bidonvilles multiethniques. Les Européens de souche deviennent une minorité sur la terre de leurs ancêtres. La mondialisation produit une société uniformisée, globalisée, détruisant la richesse des traditions et des identités régionales, refondant la planète en un [&hellip;]</p>
